prime factors of 10068.
2, 3, 839
What are the prime factors of 34449?
3, 11483
List the prime factors of 5073.
3, 19, 89
What are the prime factors of 1425?
3, 5, 19
List the prime factors of 32090.
2, 5, 3209
What are the prime factors of 3436?
2, 859
List the prime factors of 4940.
2, 5, 13, 19
List the prime factors of 3256.
2, 11, 37
What are the prime factors of 6350?
2, 5, 127
What are the prime factors of 41860?
2, 5, 7, 13, 23
What are the prime factors of 3246?
2, 3, 541
What are the prime factors of 9691?
11, 881
List the prime factors of 7083.
3, 787
What are the prime factors of 103088?
2, 17, 379
What are the prime factors of 531?
3, 59
List the prime factors of 814.
2, 11, 37
List the prime factors of 727.
727
What are the prime factors of 38473?
79, 487
List the prime factors of 308.
2, 7, 11
What are the prime factors of 546?
2, 3, 7, 13
List the prime factors of 27287.
13, 2099
List the prime factors of 281.
281
What are the prime factors of 8934?
2, 3, 1489
What are the prime factors of 57352?
2, 67, 107
What are the prime factors of 3413?
3413
What are the prime factors of 182697?
3, 60899
What are the prime factors of 2710?
2, 5, 271
List the prime factors of 3114.
2, 3, 173
What are the prime factors of 1386?
2, 3, 7, 11
What are the prime factors of 3287?
19, 173
List the prime factors of 8599.
8599
What are the prime factors of 1613?
1613
What are the prime factors of 32724?
2, 3, 101
List the prime factors of 3488.
2, 109
What are the prime factors of 1173?
3, 17, 23
What are the prime factors of 5294?
2, 2647
List the prime factors of 1329.
3, 443
What are the prime factors of 2936?
2, 367
What are the prime factors of 5717?
5717
List the prime factors of 101.
101
List the prime factors of 5456.
2, 11, 31
List the prime factors of 2164.
2, 541
What are the prime factors of 9404?
2, 2351
List the prime factors of 4146.
2, 3, 691
What are the prime factors of 158299?
311, 509
List the prime factors of 85.
5, 17
What are the prime factors of 3411?
3, 379
List the prime factors of 264.
2, 3, 11
List the prime factors of 24979.
24979
List the prime factors of 2553.
3, 23, 37
List the prime factors of 84117.
3, 11, 2549
List the prime factors of 989.
23, 43
What are the prime factors of 4467?
3, 1489
What are the prime factors of 56863?
101, 563
What are the prime factors of 38682?
2, 3, 7, 307
What are the prime factors of 139857?
3, 46619
What are the prime factors of 870?
2, 3, 5, 29
List the prime factors of 692.
2, 173
What are the prime factors of 5233?
5233
List the prime factors of 34653.
3, 11551
List the prime factors of 5496.
2, 3, 229
List the prime factors of 148151.
148151
List the prime factors of 3354.
2, 3, 13, 43
List the prime factors of 15226.
2, 23, 331
List the prime factors of 5166.
2, 3, 7, 41
List the prime factors of 978.
2, 3, 163
List the prime factors of 7543.
19, 397
List the prime factors of 616.
2, 7, 11
List the prime factors of 356.
2, 89
What are the prime factors of 104573?
7, 14939
What are the prime factors of 32168?
2, 4021
What are the prime factors of 2897?
2897
What are the prime factors of 449?
449
What are the prime factors of 1840?
2, 5, 23
What are the prime factors of 34478?
2, 17239
List the prime factors of 948.
2, 3, 79
What are the prime factors of 4744?
2, 593
List the prime factors of 18360.
2, 3, 5, 17
List the prime factors of 2288.
2, 11, 13
List the prime factors of 3234.
2, 3, 7, 11
List the prime factors of 7670.
2, 5, 13, 59
List the prime factors of 117380.
2, 5, 5869
List the prime factors of 4585.
5, 7, 131
What are the prime factors of 1528?
2, 191
What are the prime factors of 5921?
31, 191
List the prime factors of 423.
3, 47
List the prime factors of 10284.
2, 3, 857
List the prime factors of 15525.
3, 5, 23
What are the prime factors of 8113?
7, 19, 61
What are the prime factors of 969?
3, 17, 19
What are the prime factors of 501?
3, 167
List the prime factors of 736.
2, 23
List the prime factors of 2106.
2, 3, 13
What are the prime factors of 945?
3, 5, 7
List the prime factors of 161.
7, 23
What are the prime factors of 44157?
3, 41, 359
List the prime factors of 91165.
5, 18233
List the prime factors of 5666.
2, 2833
What are the prime factors of 129168?
2, 3, 13, 23
List the prime factors of 24.
2, 3
List the prime factors of 1843.
19, 97
What are the prime factors of 111149?
111149
List the prime factors of 96.
2, 3
List the prime factors of 164.
2, 41
List the prime factors of 13324.
2, 3331
List the prime factors of 24444.
2, 3, 7, 97
List the prime factors of 76494.
2, 3, 11, 19, 61
What are the prime factors of 3427?
23, 149
What are the prime factors of 97610?
2, 5, 43, 227
List the prime factors of 1164.
2, 3, 97
List the prime factors of 378.
2, 3, 7
List the prime factors of 11233.
47, 239
List the prime factors of 1085.
5, 7, 31
List the prime factors of 473.
11, 43
What are the prime factors of 1007?
19, 53
List the prime factors of 1807.
13, 139
What are the prime factors of 79064?
2, 9883
What are the prime factors of 648?
2, 3
List the prime factors of 76313.
17, 67
List the prime factors of 2342.
2, 1171
List the prime factors of 157716.
2, 3, 13, 337
What are the prime factors of 2283?
3, 761
What are the prime factors of 71463?
3, 7, 41, 83
What are the prime factors of 4436?
2, 1109
List the prime factors of 22662.
2, 3, 1259
What are the prime factors of 5247?
3, 11, 53
What are the prime factors of 859?
859
List the prime factors of 419.
419
What are the prime factors of 21418?
2, 10709
What are the prime factors of 1387?
19, 73
What are the prime factors of 174260?
2, 5, 8713
What are the prime factors of 5097?
3, 1699
List the prime factors of 5092.
2, 19, 67
What are the prime factors of 21731?
31, 701
List the prime factors of 44324.
2, 7, 1583
List the prime factors of 14885.
5, 13, 229
What are the prime factors of 6927?
3, 2309
What are the prime factors of 57020?
2, 5, 2851
List the prime factors of 7508.
2, 1877
List the prime factors of 59777.
23, 113
What are the prime factors of 11810?
2, 5, 1181
What are the prime factors of 3180?
2, 3, 5, 53
What are the prime factors of 6545?
5, 7, 11, 17
List the prime factors of 111893.
111893
List the prime factors of 1214.
2, 607
What are the prime factors of 91379?
23, 29, 137
What are the prime factors of 229?
229
List the prime factors of 1121.
19, 59
List the prime factors of 26578.
2, 97, 137
What are the prime factors of 9859?
9859
What are the prime factors of 9515?
5, 11, 173
What are the prime factors of 3065?
5, 613
List the prime factors of 226.
2, 113
What are the prime factors of 73217?
211, 347
What are the prime factors of 3274?
2, 1637
List the prime factors of 17969.
7, 17, 151
What are the prime factors of 4210?
2, 5, 421
List the prime factors of 9980.
2, 5, 499
What are the prime factors of 1022?
2, 7, 73
List the prime factors of 39148.
2, 9787
List the prime factors of 39.
3, 13
List the prime factors of 17893.
29, 617
What are the prime factors of 15340?
2, 5, 13, 59
What are the prime factors of 13699?
7, 19, 103
What are the prime factors of 2004?
2, 3, 167
List the prime factors of 44080.
2, 5, 19, 29
What are the prime factors of 46429?
29, 1601
List the prime factors of 5709.
3, 11, 173
List the prime factors of 139670.
2, 5, 13967
List the prime factors of 26065.
5, 13, 401
What are the prime factors of 52725?
3, 5, 19, 37
List the prime factors of 14934.
2, 3, 19, 131
What are the prime factors of 78156?
2, 3, 13, 167
List the prime factors of 1809.
3, 67
What are the prime factors of 25014?
2, 3, 11, 379
List the prime factors of 2180.
2, 5, 109
What are the prime factors of 1092?
2, 3, 7, 13
What are the prime factors of 642?
2, 3, 107
List the prime factors of 10107.
3, 1123
List the prime factors of 37568.
2, 587
List the prime factors of 15809.
15809
What are the prime factors of 7143?
3, 2381
What are the prime factors of 36472?
2, 47, 97
What are the prime factors of 391?
17, 23
List the prime factors of 88192.
2, 13, 53
What are the prime factors of 2387?
7, 11, 31
What are the prime factors of 1948?
2, 487
List the prime factors of 43944.
2, 3, 1831
List the prime factors of 12696.
2, 3, 23
List the prime factors of 65548.
2, 7, 2341
What